 Let i be -2*(0 + a + -1). Let w(z) = 5*z**2 + 3*z + 1. Is w(i) a prime number?
False
Is (-3)/(-2*(-15)/(-51670)) composite?
False
Suppose 5958 = 2*t + t. Suppose 2*f + 4*a = 800, -3*f - t = -8*f - 3*a. Is 1 - (f/3)/(-2) a composite number?
False
Let l = -4 + 11. Suppose -l*g - 3*j + 135 = -4*g, -2 = -j. Let i = -10 + g. Is i prime?
False
Suppose -24 = 4*c + 4*n, 1 = -2*c + 2*n - 3. Is (-1)/(c + (-1377)/(-345)) composite?
True
Suppose 113 = -4*d - 431. Let o = 923 + d. Is o a prime number?
True
Suppose 1010 = z + l - 3256, -4*z + 2*l + 17094 = 0. Is z a composite number?
False
Let k(i) be the first derivative of 0*i**2 + 3*i**2 + 8*i**2 - 8*i**2 - 6 + 3*i. Is k(5) a composite number?
True
Let w(c) be the first derivative of -73*c**2 - 9*c + 22. Is w(-13) a prime number?
True
Is 12/16 + 161224/32 a prime number?
True
Let j(h) = 680*h - 111. Is j(26) composite?
False
Suppose -2*l - 17 = -4*w + 1, 0 = 4*w + l - 15. Suppose 2*v = -j + w*j + 494, v - 5*j = 254. Suppose -365 - v = -3*r. Is r composite?
True
Let q(z) = 5*z + 5*z + z**2 - 3 + 6. Suppose 221*n - 60 = 227*n. Is q(n) composite?
False
Let o(d) = -d**2 + 9*d - 4. Let b be o(8). Suppose 3*k + 2153 = s + 6*k, b*k + 6394 = 3*s. Is s composite?
True
Let m = -4358 + 6929. Suppose 0 = -3*a + 474 + m. Suppose -5*r + 0*r = -a. Is r composite?
True
Suppose q - 477 = 3*p - 9, -4*q - 2*p = -1914. Suppose -d = 2*d - q. Is d composite?
True
Let a = -43 + 48. Suppose -a*g = -2*s + 378 + 595, 473 = s + 2*g. Is s a composite number?
False
Let r = -10 + 11. Suppose 3*b + r = 4*b. Is -3 - (-2 - 68*b) a composite number?
False
Let h = -4263 + 9974. Is h a composite number?
False
Let o(r) = 43*r + 8. Let w(u) = u - 1. Let a(h) = -2*o(h) - 18*w(h). Let t be a(-1). Let g = t - -35. Is g a prime number?
False
Let r(p) = p**3 - 2*p**2 + p - 7. Let w be r(3). Suppose 10*s - 10 = w*s. Suppose -s*b - 445 = -3*b. Is b prime?
False
Let v = -46 + 44. Let n(m) = 29*m**2 + 19*m**2 - 5 + 3*m**2 - 3*m. Is n(v) a composite number?
True
Let p(g) = -67*g**2 + 3*g + 12. Let s(m) = -66*m**2 + 2*m + 13. Let l(r) = 4*p(r) - 5*s(r). Is l(7) a composite number?
True
Suppose -3*s - 4*d = 426, -3*s + 8*s = -5*d - 715. Let i = s - 107. Let l = i + 440. Is l a prime number?
False
Let w(b) = 6*b**2 - 2*b + 19. Let i(x) = -x**2 - x. Let p(r) = -2*i(r) + w(r). Is p(-7) a composite number?
True
Suppose -11*x + 332 = -1241. Is x composite?
True
Let q(c) = 13*c**2 - 5 - 18*c + 9*c + 5*c. Is q(4) composite?
True
Suppose -4*h - 1234 = 318. Let b = -425 + h. Is -1 + -3 + b/(-3) prime?
False
Suppose 7*z - 20 = 15. Suppose -2*n - 2*j = -2422, -2*n + z*j = -5*n + 3633. Is n prime?
False
Let v(x) = -206*x + 10. Let g be v(2). Let d = g + 943. Is d a composite number?
False
Suppose -38 = -11*n + 6. Is (-1 - -4)*(5848/24 - n) prime?
True
Suppose -9*r = -5*r - 24. Let u = 8 - r. Suppose -156 = -u*y - 14. Is y prime?
True
Suppose 65*i - 59*i = 16866. Is i a composite number?
True
Suppose -31*z - 151645 = -44*z. Is z prime?
False
Let q be (-3)/24 - (-62)/(-16). Is q/(-14) - (445/(-7))/5 composite?
False
Suppose 0 = -52*i + 61*i - 18567. Is i a prime number?
True
Let u = 16 + -13. Suppose 3*l = -l - 4*s + 1072, 0 = -2*l + u*s + 511. Is l prime?
True
Let x = 745 - 426. Is x prime?
False
Let v(n) = 6*n + 17. Let w be v(-7). Suppose -m - 3*c + 23 = -7*c, -m - 2*c + 47 = 0. Let y = m + w. Is y composite?
True
Suppose 0 = -0*h + 5*h - 5. Is (2 - h) + 3 + 55 composite?
False
Is ((-15)/(-30))/(97173/(-24294) - -4) a composite number?
False
Let g = 53 + -51. Suppose 0 = g*b + 177 - 767. Is b a prime number?
False
Suppose 0 = 4*a - 1 - 7. Suppose -a*l - 2*u + 6 = 0, -5*u - 3 + 9 = 2*l. Suppose -385 = -2*f - l*f. Is f composite?
True
Let c(g) = 325*g**2 + 22*g - 138. Is c(13) a composite number?
False
Suppose -962 - 577 = -5*z + 2*y, y = -2*z + 621. Let s = z - 182. Is s composite?
False
Let m(s) = s + 2. Suppose 7*g + 10 = 2*g. Let a be m(g). Suppose a = j - 12 - 37. Is j composite?
True
Suppose 2*y - 5558 = l, 0 = 2*y - 5*l - 6602 + 1028. Is y composite?
False
Let b(s) = -s**3 - 4*s**2 + s - 1. Let f be (-9)/(-12) - 46/8. Is b(f) a composite number?
False
Let q = -6 + -6. Is (-1186)/(-14) - q/42 composite?
True
Let m(i) = i + 12. Let p be m(-10). Suppose p*d - 177 = 475. Suppose 2*j + d = 4*j. Is j prime?
True
Let l(h) be the second derivative of -4*h**5/15 - h**4/12 + 2*h**3/3 - h. Let b(d) be the second derivative of l(d). Is b(-3) a prime number?
False
Suppose 0 = 5*r + 4*a - 18, -7*a + 2*a = -10. Suppose 0 = c - r - 4. Is 404/6 - 2/c composite?
False
Is -4*(-4)/(-24)*(-2725410)/20 composite?
False
Suppose 467 = -3*z - k - 11585, 0 = 3*z + 4*k + 12037. Let b = -2112 - z. Is b a prime number?
True
Suppose 3*i - 7343 = 2068. Is i a composite number?
False
Let y = 56 + -53. Is (-3760 - -5)/(y/(-3)) a prime number?
False
Let h(o) = o**3 - 3*o**2 - 3*o + 3. Let w be h(3). Is 4/12 + (-580)/w composite?
False
Suppose 24*a - 17*a + 9576 = 0. Let r = 7097 - a. Is r composite?
True
Let h(j) = 5401*j**2 + 4*j - 6. Is h(1) composite?
False
Let v(t) = -144*t**2 - 4*t - 7. Let q be v(-5). Let d = -1854 - q. Is d prime?
True
Is (2 + 4 - -5978) + 5 a prime number?
False
Let g(v) = 142*v**2 - v + 2. Let z(a) = 427*a**2 - 3*a + 5. Let l(y) = -11*g(y) + 4*z(y). Let i be (-15)/20 - 3/12. Is l(i) prime?
False
Let p(j) = -j**3 + 13*j**2 + 18*j + 19. Let t be p(14). Let m = -50 + t. Is m a composite number?
True
Suppose t + 8 = -2*r - 2*r, -4*t = 4*r + 8. Let g be t/(-1) + 12/3. Suppose -s + 1385 = g*h, -2*h = -7*h - 2*s + 1729. Is h composite?
False
Let d = -2302 + 3305. Let j = d - 584. Is j a prime number?
True
Is 56102/18 + 5 + (-43)/9 prime?
False
Is (11725 + -4)*5/15 prime?
True
Let b(a) = a**3 - 7*a**2 + 6*a - 5. Let s = -5 + 14. Is b(s) prime?
True
Suppose 2*m + 7 = 3*w + 4*m, 2*w - m = 14. Let l(c) = 102*c**2 - 10*c - 9. Is l(w) prime?
False
Let w be 5*((-18)/5)/(-6). Suppose -14 = -2*a - 0*a + 4*h, 0 = w*a + 5*h - 32. Suppose a*z = 7*z + 610. Is z a composite number?
True
Let h(p) = 3*p - 56. Let d be h(19). Is (6 - (-7 + 16)) + 6134/d composite?
False
Let r(a) = -a - 9. Let w be r(-10). Is -167*5*-3 - (w - -1) prime?
True
Let p(x) = 13*x + 5. Let c(k) = 4 + 1 - 4. Let b(m) = 6*c(m) - p(m). Is b(-4) a composite number?
False
Let d be 3 - 0 - ((-6)/2 - 42). Let z = -34 + d. Is z prime?
False
Suppose -19*s + 15*s + 20 = 0. Is 4*s - (-11 + 8) a prime number?
True
Let s = 6307 + -2595. Suppose s + 18353 = 3*k. Is k prime?
False
Let l(o) = -57*o + 2 + 51*o + 138*o**2 - 1. Is l(2) prime?
True
Suppose 25*h - 128486 = -9*h. Is h a composite number?
False
Suppose 0 = 2*x + 2*y - 1338, x + 0*y - 4*y - 669 = 0. Is x composite?
True
Suppose 12*a = 1206 + 6486. Let t = -126 + -168. Let y = t + a. Is y composite?
False
Suppose -3*b + 8*b = 5. Let y(t) be the second derivative of 163*t**5/20 - t**4/12 + t**2/2 - 4*t - 17. Is y(b) a composite number?
False
Let i = 1060 - -823. Is i a prime number?
False
Let b(f) = 2*f**3 + f**2 + 5*f - 7. Suppose 8 = -0*r + 2*r. Suppose -3 = -q - r*t + 6, -2*t = -2. Is b(q) a composite number?
False
Let y(f) = 36*f - 5*f**2 + 3 - 2*f**2 + 0*f**2 - 30*f - f**3. Is y(-8) composite?
False
Let b(r) = 3*r**2 + 2*r - 223. Is b(40) prime?
True
Suppose a = -3*a. Suppose a = -2*q - 3*q - 20. Is (-1406)/(-10) - q/10 a composite number?
True
Let a(m) = 2*m**2 + 12*m - 10. Let g be a(-7). Suppose 2*r + 1460 = 2*t + 2*t, 4*t - 1452 = g*r. Is t prime?
True
Is (-15 - 2707)*(0 + (-3)/6) composite?
False
Suppose -2*x - 3 - 1 = 0. Let q be x - (120 + (-1 - 2)). Is 1/((-1)/q*1) prime?
False
Suppose -14 = l - 565. Is l composite?
True
Let u(t) = 5 - 2*t + 13 - 27 + 12*t**2 + 4. Is u(6) a prime number?
False
Let q(u) = u**2 + 6*u + 3. Let f be q(-6). Suppose -f*x - 831 = -2934. Is x a prime number?
True
Suppose -32 = -4*f - 5*w, 0*w + w + 2 = 2*f. Suppose 0 = f*z - 6, -z - 1074 = -4*m + 600. Is m a composite number?
False
Let d(i) be the first derivative of -39*i**4/2 + 2*i**3/3 - i + 30. Let s(o) = o**2 - 2*o - 1. Let a be s(2). Is d(a) a prime number?
True
Suppose 16*r - 919932 = -94444. Is r composite?
False
Let k(s) = s**2 - 2*s - 85. Is k(18) a prime number?
False
Let a be 22370/10 - (1 + 1). Suppose 10*g - 5*g - a = 0. Is g a prime number?
False
Let h(p) = -p**3 +